{"id":1192,"date":"2019-03-07T19:40:38","date_gmt":"2019-03-07T19:40:38","guid":{"rendered":"https:\/\/elcaminoarete.com\/es\/?page_id=1192"},"modified":"2019-03-16T16:33:17","modified_gmt":"2019-03-16T16:33:17","slug":"que-llevar-en-la-mochila","status":"publish","type":"page","link":"https:\/\/elcaminoarete.com\/es\/que-llevar-en-la-mochila\/","title":{"rendered":"Que llevar en la mochila o maleta"},"content":{"rendered":"\n<figure class=\"wp-block-image\"><img loading=\"lazy\" decoding=\"async\" width=\"1000\" height=\"754\" src=\"https:\/\/elcaminoarete.com\/es\/wp-content\/uploads\/sites\/3\/2019\/03\/DSCN3055_web.jpg\" alt=\"\" class=\"wp-image-1246\" srcset=\"https:\/\/elcaminoarete.com\/es\/wp-content\/uploads\/sites\/3\/2019\/03\/DSCN3055_web.jpg 1000w, https:\/\/elcaminoarete.com\/es\/wp-content\/uploads\/sites\/3\/2019\/03\/DSCN3055_web-300x226.jpg 300w, https:\/\/elcaminoarete.com\/es\/wp-content\/uploads\/sites\/3\/2019\/03\/DSCN3055_web-500x377.jpg 500w\" sizes=\"(max-width: 1000px) 100vw, 1000px\" \/><figcaption>La t\u00edpica mochila del peregrino<\/figcaption><\/figure>\n\n\n\n<p>En nuestro caso el equipaje ira en el veh\u00edculo de apoyo. Por lo que recomendamos traer una maleta con todo el equipaje y una mochila peque\u00f1a en la que poder llevar lo necesario para caminar cada d\u00eda.<\/p>\n\n\n\n<p>La maleta sera un solo bulto y para caminar recomendamos una mochila de unos 10 litros como mucho. Ya que la usaremos para poder meter la ropa que nos sobre , la botella de agua y los enseres que no queramos llevar en los bolsillos.<\/p>\n\n\n\n<h2 class=\"wp-block-heading\">Equipaje obligatorio<\/h2>\n\n\n\n<p><strong>Calzado<\/strong>: Es el punto m\u00e1s delicado. Es imprescindible llevar calzado adecuado. En las tiendas de deportes se puede encontrar el de trekking, el m\u00e1s adecuado para el senderismo. Se debe usar durante un par de meses antes de comenzar el viaje. Aquellos que usan calzado nuevo o hacen el Camino con calzado inapropiado pueden  no terminar debido a la incomodidad.<\/p>\n\n\n\n<p><strong>Pantalones de monte<\/strong>: Es importante que se hayan usado. Pr\u00e1cticos y c\u00f3modos. Se utilizar\u00e1n para caminar todos los d\u00edas. Puede ser una buena idea usar un impermeable para tus pantalones en caso de que la llueva.<\/p>\n\n\n\n<p><strong>Pantalones cortos<\/strong>: En verano se pueden utilizar para dormir, para caminar en los d\u00edas m\u00e1s calurosos e incluso para darse un chapuz\u00f3n en cualquiera de las piscinas o r\u00edos que abundan a lo largo del Camino de Santiago.<\/p>\n\n\n\n<p><strong>Sudadera o jersey<\/strong>: C\u00f3modo y ligero. Proporcionar\u00e1 un buen servicio en los d\u00edas m\u00e1s fr\u00edos, pero no hay que olvidar que tendr\u00e1 que ser transportado en los d\u00edas m\u00e1s calurosos.<\/p>\n\n\n\n<p><strong>Camisetas<\/strong>: Recomendable que sean sint\u00e9ticas\/tecnicas ya que son mas f\u00e1ciles de secar , pesan menos y resultan mas frescas para caminar.<\/p>\n\n\n\n<p><strong>Calcetines sin costuras<\/strong>: muy importantes para evitar cualquier tipo de ampollas y molestias al caminar.<\/p>\n\n\n\n<p><strong>Tres o cuatro pinzas de ropa para secar la ropa<\/strong>: Pueden ser muy \u00fatiles.<br> <strong>Ropa interior<\/strong>.<br> <strong>Chancletas<\/strong>: Nos ayudaran a descansar los pies al finalizar el d\u00eda.<br> <strong>Neceser <\/strong><br> <strong>Botella de agua<\/strong>: se recomienda un camel bag o una botella de agua de 1 litro. <br><strong>Barra de jab\u00f3n de lavar<\/strong>: para lavar la ropa al final del d\u00eda. <br> <strong>Vaselina<\/strong>: Aplicar una peque\u00f1a cantidad de vaselina en los pies antes de cada d\u00eda ayudar\u00e1 a prevenir la aparici\u00f3n de las ampollas siempre inc\u00f3modas.<br> <strong>Protector solar:<\/strong> Esencial.<br> <strong>Documentaci\u00f3n <\/strong>:DNI, tarjeta sanitaria (en el caso de peregrinos extranjeros, tarjeta sanitaria europea) y banco. Tambi\u00e9n es aconsejable llevar siempre algo de dinero en efectivo.<br> <strong>Impermeable<\/strong>: Indispensable para que no sorprenda una lluvia de imprevistos.<br><strong> Tel\u00e9fono m\u00f3vil y cargador<\/strong>: Llevar un tel\u00e9fono m\u00f3vil puede ser una ventaja o una carga. Hay peregrinos que se dedican a ver la pantalla de su tel\u00e9fono en lugar de los paisajes que los rodean. Sin embargo, caminar con un tel\u00e9fono m\u00f3vil puede ser de gran ayuda en caso de que alguien se encuentre inmerso en una emergencia.<br> <strong>Credencial<\/strong>: El documento que acredita a la persona como peregrino.<br> <strong>Mochila<\/strong>: Recomendable buscar una mochila que nos sea c\u00f3moda. A ser posible ajustable y que no se nos mueva al caminar para evitar rozaduras. Nunca pasaremos de los 10 litros.<\/p>\n\n\n\n<h2 class=\"wp-block-heading\"> Equipaje opcional pero recomendado<br><\/h2>\n\n\n\n<p> <strong>Bast\u00f3n o bastones de trecking<\/strong>: Cada vez m\u00e1s peregrinos caminan con este tipo de ayuda. En los \u00faltimos a\u00f1os, los bastones t\u00e9cnicos de senderismo o marcha n\u00f3rdica han sustituido al bord\u00f3n de toda la vida.<br> <strong>Sombrero o gorra<\/strong>: Puede ser de gran ayuda en los meses de verano.<br> <strong>Tapones para los o\u00eddo<\/strong>s: Para poder descansar mas tranquilo.<\/p>\n","protected":false},"excerpt":{"rendered":"<p>En nuestro caso el equipaje ira en el veh\u00edculo de apoyo. Por lo que recomendamos traer una maleta con todo el equipaje y una mochila peque\u00f1a en la que poder llevar lo necesario para caminar cada d\u00eda. La maleta sera un solo bulto y para caminar recomendamos una mochila de unos 10 litros como mucho&#8230;.<\/p>\n","protected":false},"author":3,"featured_media":0,"parent":0,"menu_order":0,"comment_status":"closed","ping_status":"closed","template":"","meta":{"_exactmetrics_skip_tracking":false,"_exactmetrics_sitenote_active":false,"_exactmetrics_sitenote_note":"","_exactmetrics_sitenote_category":0,"footnotes":""},"yoast_head":"<!-- This site is optimized with the Yoast SEO plugin v22.1 - https:\/\/yoast.com\/wordpress\/plugins\/seo\/ -->\n<title>Que llevar en la mochila o maleta - El Camino Aret\u00e9<\/title>\n<meta name=\"robots\" content=\"index, follow, max-snippet:-1, max-image-preview:large, max-video-preview:-1\" \/>\n<link rel=\"canonical\" href=\"https:\/\/elcaminoarete.com\/es\/que-llevar-en-la-mochila\/\" \/>\n<meta property=\"og:locale\" content=\"es_ES\" \/>\n<meta property=\"og:type\" content=\"article\" \/>\n<meta property=\"og:title\" content=\"Que llevar en la mochila o maleta - El Camino Aret\u00e9\" \/>\n<meta property=\"og:description\" content=\"En nuestro caso el equipaje ira en el veh\u00edculo de apoyo. Por lo que recomendamos traer una maleta con todo el equipaje y una mochila peque\u00f1a en la que poder llevar lo necesario para caminar cada d\u00eda. La maleta sera un solo bulto y para caminar recomendamos una mochila de unos 10 litros como mucho....\" \/>\n<meta property=\"og:url\" content=\"https:\/\/elcaminoarete.com\/es\/que-llevar-en-la-mochila\/\" \/>\n<meta property=\"og:site_name\" content=\"El Camino Aret\u00e9\" \/>\n<meta property=\"article:modified_time\" content=\"2019-03-16T16:33:17+00:00\" \/>\n<meta property=\"og:image\" content=\"https:\/\/elcaminoarete.com\/es\/wp-content\/uploads\/sites\/3\/2019\/03\/DSCN3055_web.jpg\" \/>\n<meta name=\"twitter:card\" content=\"summary_large_image\" \/>\n<meta name=\"twitter:label1\" content=\"Tiempo de lectura\" \/>\n\t<meta name=\"twitter:data1\" content=\"3 minutos\" \/>\n<script type=\"application\/ld+json\" class=\"yoast-schema-graph\">{\"@context\":\"https:\/\/schema.org\",\"@graph\":[{\"@type\":\"WebPage\",\"@id\":\"https:\/\/elcaminoarete.com\/es\/que-llevar-en-la-mochila\/\",\"url\":\"https:\/\/elcaminoarete.com\/es\/que-llevar-en-la-mochila\/\",\"name\":\"Que llevar en la mochila o maleta - El Camino Aret\u00e9\",\"isPartOf\":{\"@id\":\"https:\/\/elcaminoarete.com\/es\/#website\"},\"datePublished\":\"2019-03-07T19:40:38+00:00\",\"dateModified\":\"2019-03-16T16:33:17+00:00\",\"breadcrumb\":{\"@id\":\"https:\/\/elcaminoarete.com\/es\/que-llevar-en-la-mochila\/#breadcrumb\"},\"inLanguage\":\"es\",\"potentialAction\":[{\"@type\":\"ReadAction\",\"target\":[\"https:\/\/elcaminoarete.com\/es\/que-llevar-en-la-mochila\/\"]}]},{\"@type\":\"BreadcrumbList\",\"@id\":\"https:\/\/elcaminoarete.com\/es\/que-llevar-en-la-mochila\/#breadcrumb\",\"itemListElement\":[{\"@type\":\"ListItem\",\"position\":1,\"name\":\"Portada\",\"item\":\"https:\/\/elcaminoarete.com\/es\/\"},{\"@type\":\"ListItem\",\"position\":2,\"name\":\"Que llevar en la mochila o maleta\"}]},{\"@type\":\"WebSite\",\"@id\":\"https:\/\/elcaminoarete.com\/es\/#website\",\"url\":\"https:\/\/elcaminoarete.com\/es\/\",\"name\":\"El Camino Aret\u00e9\",\"description\":\"Coaching en el Camino de Santiago\",\"potentialAction\":[{\"@type\":\"SearchAction\",\"target\":{\"@type\":\"EntryPoint\",\"urlTemplate\":\"https:\/\/elcaminoarete.com\/es\/?s={search_term_string}\"},\"query-input\":\"required name=search_term_string\"}],\"inLanguage\":\"es\"}]}<\/script>\n<!-- \/ Yoast SEO plugin. -->","yoast_head_json":{"title":"Que llevar en la mochila o maleta - El Camino Aret\u00e9","robots":{"index":"index","follow":"follow","max-snippet":"max-snippet:-1","max-image-preview":"max-image-preview:large","max-video-preview":"max-video-preview:-1"},"canonical":"https:\/\/elcaminoarete.com\/es\/que-llevar-en-la-mochila\/","og_locale":"es_ES","og_type":"article","og_title":"Que llevar en la mochila o maleta - El Camino Aret\u00e9","og_description":"En nuestro caso el equipaje ira en el veh\u00edculo de apoyo. Por lo que recomendamos traer una maleta con todo el equipaje y una mochila peque\u00f1a en la que poder llevar lo necesario para caminar cada d\u00eda. La maleta sera un solo bulto y para caminar recomendamos una mochila de unos 10 litros como mucho....","og_url":"https:\/\/elcaminoarete.com\/es\/que-llevar-en-la-mochila\/","og_site_name":"El Camino Aret\u00e9","article_modified_time":"2019-03-16T16:33:17+00:00","og_image":[{"url":"https:\/\/elcaminoarete.com\/es\/wp-content\/uploads\/sites\/3\/2019\/03\/DSCN3055_web.jpg"}],"twitter_card":"summary_large_image","twitter_misc":{"Tiempo de lectura":"3 minutos"},"schema":{"@context":"https:\/\/schema.org","@graph":[{"@type":"WebPage","@id":"https:\/\/elcaminoarete.com\/es\/que-llevar-en-la-mochila\/","url":"https:\/\/elcaminoarete.com\/es\/que-llevar-en-la-mochila\/","name":"Que llevar en la mochila o maleta - El Camino Aret\u00e9","isPartOf":{"@id":"https:\/\/elcaminoarete.com\/es\/#website"},"datePublished":"2019-03-07T19:40:38+00:00","dateModified":"2019-03-16T16:33:17+00:00","breadcrumb":{"@id":"https:\/\/elcaminoarete.com\/es\/que-llevar-en-la-mochila\/#breadcrumb"},"inLanguage":"es","potentialAction":[{"@type":"ReadAction","target":["https:\/\/elcaminoarete.com\/es\/que-llevar-en-la-mochila\/"]}]},{"@type":"BreadcrumbList","@id":"https:\/\/elcaminoarete.com\/es\/que-llevar-en-la-mochila\/#breadcrumb","itemListElement":[{"@type":"ListItem","position":1,"name":"Portada","item":"https:\/\/elcaminoarete.com\/es\/"},{"@type":"ListItem","position":2,"name":"Que llevar en la mochila o maleta"}]},{"@type":"WebSite","@id":"https:\/\/elcaminoarete.com\/es\/#website","url":"https:\/\/elcaminoarete.com\/es\/","name":"El Camino Aret\u00e9","description":"Coaching en el Camino de Santiago","potentialAction":[{"@type":"SearchAction","target":{"@type":"EntryPoint","urlTemplate":"https:\/\/elcaminoarete.com\/es\/?s={search_term_string}"},"query-input":"required name=search_term_string"}],"inLanguage":"es"}]}},"_links":{"self":[{"href":"https:\/\/elcaminoarete.com\/es\/wp-json\/wp\/v2\/pages\/1192"}],"collection":[{"href":"https:\/\/elcaminoarete.com\/es\/wp-json\/wp\/v2\/pages"}],"about":[{"href":"https:\/\/elcaminoarete.com\/es\/wp-json\/wp\/v2\/types\/page"}],"author":[{"embeddable":true,"href":"https:\/\/elcaminoarete.com\/es\/wp-json\/wp\/v2\/users\/3"}],"replies":[{"embeddable":true,"href":"https:\/\/elcaminoarete.com\/es\/wp-json\/wp\/v2\/comments?post=1192"}],"version-history":[{"count":4,"href":"https:\/\/elcaminoarete.com\/es\/wp-json\/wp\/v2\/pages\/1192\/revisions"}],"predecessor-version":[{"id":1280,"href":"https:\/\/elcaminoarete.com\/es\/wp-json\/wp\/v2\/pages\/1192\/revisions\/1280"}],"wp:attachment":[{"href":"https:\/\/elcaminoarete.com\/es\/wp-json\/wp\/v2\/media?parent=1192"}],"curies":[{"name":"wp","href":"https:\/\/api.w.org\/{rel}","templated":true}]}}

<figure class="wp-block-image"><img loading="lazy" decoding="async" width="1000" height="754" src="https://elcaminoarete.com/es/wp-content/uploads/sites/3/2019/03/DSCN3055_web.jpg" alt="" class="wp-image-1246" srcset="https://elcaminoarete.com/es/wp-content/uploads/sites/3/2019/03/DSCN3055_web.jpg 1000w, https://elcaminoarete.com/es/wp-content/uploads/sites/3/2019/03/DSCN3055_web-300x226.jpg 300w, https://elcaminoarete.com/es/wp-content/uploads/sites/3/2019/03/DSCN3055_web-500x377.jpg 500w" sizes="(max-width: 1000px) 100vw, 1000px" /><figcaption>La típica mochila del peregrino</figcaption></figure>



<p>En nuestro caso el equipaje ira en el vehículo de apoyo. Por lo que recomendamos traer una maleta con todo el equipaje y una mochila pequeña en la que poder llevar lo necesario para caminar cada día.</p>



<p>La maleta sera un solo bulto y para caminar recomendamos una mochila de unos 10 litros como mucho. Ya que la usaremos para poder meter la ropa que nos sobre , la botella de agua y los enseres que no queramos llevar en los bolsillos.</p>



<h2 class="wp-block-heading">Equipaje obligatorio</h2>



<p><strong>Calzado</strong>: Es el punto más delicado. Es imprescindible llevar calzado adecuado. En las tiendas de deportes se puede encontrar el de trekking, el más adecuado para el senderismo. Se debe usar durante un par de meses antes de comenzar el viaje. Aquellos que usan calzado nuevo o hacen el Camino con calzado inapropiado pueden  no terminar debido a la incomodidad.</p>



<p><strong>Pantalones de monte</strong>: Es importante que se hayan usado. Prácticos y cómodos. Se utilizarán para caminar todos los días. Puede ser una buena idea usar un impermeable para tus pantalones en caso de que la llueva.</p>



<p><strong>Pantalones cortos</strong>: En verano se pueden utilizar para dormir, para caminar en los días más calurosos e incluso para darse un chapuzón en cualquiera de las piscinas o ríos que abundan a lo largo del Camino de Santiago.</p>



<p><strong>Sudadera o jersey</strong>: Cómodo y ligero. Proporcionará un buen servicio en los días más fríos, pero no hay que olvidar que tendrá que ser transportado en los días más calurosos.</p>



<p><strong>Camisetas</strong>: Recomendable que sean sintéticas/tecnicas ya que son mas fáciles de secar , pesan menos y resultan mas frescas para caminar.</p>



<p><strong>Calcetines sin costuras</strong>: muy importantes para evitar cualquier tipo de ampollas y molestias al caminar.</p>



<p><strong>Tres o cuatro pinzas de ropa para secar la ropa</strong>: Pueden ser muy útiles.<br> <strong>Ropa interior</strong>.<br> <strong>Chancletas</strong>: Nos ayudaran a descansar los pies al finalizar el día.<br> <strong>Neceser </strong><br> <strong>Botella de agua</strong>: se recomienda un camel bag o una botella de agua de 1 litro. <br><strong>Barra de jabón de lavar</strong>: para lavar la ropa al final del día. <br> <strong>Vaselina</strong>: Aplicar una pequeña cantidad de vaselina en los pies antes de cada día ayudará a prevenir la aparición de las ampollas siempre incómodas.<br> <strong>Protector solar:</strong> Esencial.<br> <strong>Documentación </strong>:DNI, tarjeta sanitaria (en el caso de peregrinos extranjeros, tarjeta sanitaria europea) y banco. También es aconsejable llevar siempre algo de dinero en efectivo.<br> <strong>Impermeable</strong>: Indispensable para que no sorprenda una lluvia de imprevistos.<br><strong> Teléfono móvil y cargador</strong>: Llevar un teléfono móvil puede ser una ventaja o una carga. Hay peregrinos que se dedican a ver la pantalla de su teléfono en lugar de los paisajes que los rodean. Sin embargo, caminar con un teléfono móvil puede ser de gran ayuda en caso de que alguien se encuentre inmerso en una emergencia.<br> <strong>Credencial</strong>: El documento que acredita a la persona como peregrino.<br> <strong>Mochila</strong>: Recomendable buscar una mochila que nos sea cómoda. A ser posible ajustable y que no se nos mueva al caminar para evitar rozaduras. Nunca pasaremos de los 10 litros.</p>



<h2 class="wp-block-heading"> Equipaje opcional pero recomendado<br></h2>



<p> <strong>Bastón o bastones de trecking</strong>: Cada vez más peregrinos caminan con este tipo de ayuda. En los últimos años, los bastones técnicos de senderismo o marcha nórdica han sustituido al bordón de toda la vida.<br> <strong>Sombrero o gorra</strong>: Puede ser de gran ayuda en los meses de verano.<br> <strong>Tapones para los oído</strong>s: Para poder descansar mas tranquilo.</p>

<p>En nuestro caso el equipaje ira en el vehículo de apoyo. Por lo que recomendamos traer una maleta con todo el equipaje y una mochila pequeña en la que poder llevar lo necesario para caminar cada día. La maleta sera un solo bulto y para caminar recomendamos una mochila de unos 10 litros como mucho&#8230;.</p>

<!-- This site is optimized with the Yoast SEO plugin v22.1 - https://yoast.com/wordpress/plugins/seo/ -->
<title>Que llevar en la mochila o maleta - El Camino Areté</title>
<meta name="robots" content="index, follow, max-snippet:-1, max-image-preview:large, max-video-preview:-1" />
<link rel="canonical" href="https://elcaminoarete.com/es/que-llevar-en-la-mochila/" />
<meta property="og:locale" content="es_ES" />
<meta property="og:type" content="article" />
<meta property="og:title" content="Que llevar en la mochila o maleta - El Camino Areté" />
<meta property="og:description" content="En nuestro caso el equipaje ira en el vehículo de apoyo. Por lo que recomendamos traer una maleta con todo el equipaje y una mochila pequeña en la que poder llevar lo necesario para caminar cada día. La maleta sera un solo bulto y para caminar recomendamos una mochila de unos 10 litros como mucho...." />
<meta property="og:url" content="https://elcaminoarete.com/es/que-llevar-en-la-mochila/" />
<meta property="og:site_name" content="El Camino Areté" />
<meta property="article:modified_time" content="2019-03-16T16:33:17+00:00" />
<meta property="og:image" content="https://elcaminoarete.com/es/wp-content/uploads/sites/3/2019/03/DSCN3055_web.jpg" />
<meta name="twitter:card" content="summary_large_image" />
<meta name="twitter:label1" content="Tiempo de lectura" />
	<meta name="twitter:data1" content="3 minutos" />
<script type="application/ld+json" class="yoast-schema-graph">{"@context":"https://schema.org","@graph":[{"@type":"WebPage","@id":"https://elcaminoarete.com/es/que-llevar-en-la-mochila/","url":"https://elcaminoarete.com/es/que-llevar-en-la-mochila/","name":"Que llevar en la mochila o maleta - El Camino Areté","isPartOf":{"@id":"https://elcaminoarete.com/es/#website"},"datePublished":"2019-03-07T19:40:38+00:00","dateModified":"2019-03-16T16:33:17+00:00","breadcrumb":{"@id":"https://elcaminoarete.com/es/que-llevar-en-la-mochila/#breadcrumb"},"inLanguage":"es","potentialAction":[{"@type":"ReadAction","target":["https://elcaminoarete.com/es/que-llevar-en-la-mochila/"]}]},{"@type":"BreadcrumbList","@id":"https://elcaminoarete.com/es/que-llevar-en-la-mochila/#breadcrumb","itemListElement":[{"@type":"ListItem","position":1,"name":"Portada","item":"https://elcaminoarete.com/es/"},{"@type":"ListItem","position":2,"name":"Que llevar en la mochila o maleta"}]},{"@type":"WebSite","@id":"https://elcaminoarete.com/es/#website","url":"https://elcaminoarete.com/es/","name":"El Camino Areté","description":"Coaching en el Camino de Santiago","potentialAction":[{"@type":"SearchAction","target":{"@type":"EntryPoint","urlTemplate":"https://elcaminoarete.com/es/?s={search_term_string}"},"query-input":"required name=search_term_string"}],"inLanguage":"es"}]}</script>
<!-- / Yoast SEO plugin. -->

Que llevar en la mochila o maleta - El Camino Areté

En nuestro caso el equipaje ira en el vehículo de apoyo. Por lo que recomendamos traer una maleta con todo el equipaje y una mochila pequeña en la que poder llevar lo necesario para caminar cada día. La maleta sera un solo bulto y para caminar recomendamos una mochila de unos 10 litros como mucho....

El Camino Areté
