{"id":1200,"date":"2019-03-13T09:12:38","date_gmt":"2019-03-13T09:12:38","guid":{"rendered":"https:\/\/elcaminoarete.com\/fr\/?page_id=1200"},"modified":"2019-03-16T17:24:35","modified_gmt":"2019-03-16T17:24:35","slug":"ce-quil-faut-transporter-dans-son-sac-a-dos","status":"publish","type":"page","link":"https:\/\/elcaminoarete.com\/fr\/ce-quil-faut-transporter-dans-son-sac-a-dos\/","title":{"rendered":"Ce qu&#8217;il faut transporter dans son sac \u00e0 dos"},"content":{"rendered":"\n<figure class=\"wp-block-image\"><img loading=\"lazy\" decoding=\"async\" width=\"1000\" height=\"754\" src=\"https:\/\/elcaminoarete.com\/fr\/wp-content\/uploads\/sites\/2\/2019\/03\/DSCN3055_web.jpg\" alt=\"\" class=\"wp-image-1205\" srcset=\"https:\/\/elcaminoarete.com\/fr\/wp-content\/uploads\/sites\/2\/2019\/03\/DSCN3055_web.jpg 1000w, https:\/\/elcaminoarete.com\/fr\/wp-content\/uploads\/sites\/2\/2019\/03\/DSCN3055_web-300x226.jpg 300w, https:\/\/elcaminoarete.com\/fr\/wp-content\/uploads\/sites\/2\/2019\/03\/DSCN3055_web-500x377.jpg 500w\" sizes=\"(max-width: 1000px) 100vw, 1000px\" \/><figcaption>Le sac \u00e0 dos typique du p\u00e8lerin<\/figcaption><\/figure>\n\n\n\n<p>Nous savons que le poids et le choix du contenu de votre sac \u00e0 dos est essentiel avant m\u00eame que nous nous demandions comment faire le Chemin de Saint-Jacques, c&#8217;est pourquoi nous \u00e9num\u00e9rons tout ce dont vous avez besoin dans ce guide. Vous devez garder \u00e0 l&#8217;esprit que nous fournissons un service de transfert pour votre sac \u00e0 dos. Mais vous \u00eates toujours les bienvenus pour marcher avec si vous voulez.<\/p>\n\n\n\n<p>Dans notre cas, les bagages iront dans le v\u00e9hicule de soutien. Nous vous recommandons donc d&#8217;apporter une valise avec tous vos bagages et un petit sac \u00e0 dos dans lequel vous pourrez transporter ce dont vous avez besoin pour marcher chaque jour.<\/p>\n\n\n\n<h2 class=\"wp-block-heading\"> Les bagages sur lesquels il faut compter<br><\/h2>\n\n\n\n<p> <strong>Chaussures <\/strong>: C&#8217;est le point le plus d\u00e9licat. Il est essentiel de porter des chaussures appropri\u00e9es. Dans les magasins de sport vous pouvez trouver le trekking, le plus appropri\u00e9 pour la randonn\u00e9e. Il doit \u00eatre port\u00e9 pendant quelques mois avant de commencer le voyage. Ceux qui portent des chaussures neuves ou qui font le Chemin avec des chaussures inappropri\u00e9es peuvent finir par partir \u00e0 cause de l&#8217;inconfort.<\/p>\n\n\n\n<p><strong>Pantalon Hicking <\/strong>: Il est important de les porter. Pratique et confortable. Ils seront utilis\u00e9s pour marcher tous les jours. C&#8217;est peut-\u00eatre une bonne id\u00e9e de porter un imperm\u00e9able pour votre pantalon au cas o\u00f9 la pluie ferait son apparition.<\/p>\n\n\n\n<p><strong>Les shorts<\/strong> : En \u00e9t\u00e9, vous pouvez les utiliser pour dormir, marcher pendant les journ\u00e9es les plus chaudes et m\u00eame vous baigner dans les piscines ou les rivi\u00e8res qui abondent le long du Camino de Santiago.<\/p>\n\n\n\n<p><strong>Sweat-shirt ou maillot<\/strong> : Confortable, l\u00e9ger. Il fournira un bon service les jours les plus froids, mais il ne faut pas oublier qu&#8217;il devra \u00eatre transport\u00e9 les jours les plus chauds.<\/p>\n\n\n\n<p><strong>T-shirts<\/strong> : Il est recommand\u00e9 qu&#8217;ils soient synth\u00e9tiques\/techniques car ils sont plus faciles \u00e0 s\u00e9cher, moins lourds et plus frais \u00e0 marcher.<\/p>\n\n\n\n<p><strong>Chaussettes sans couture<\/strong> : tr\u00e8s important pour \u00e9viter tout type d&#8217;ampoules et d&#8217;inconfort en marchant.<\/p>\n\n\n\n<p><strong>Trois ou quatre \u00e9pingles \u00e0 linge pour s\u00e9cher les v\u00eatements<\/strong> : elles peuvent \u00eatre tr\u00e8s utiles.<br><strong> Trois ensembles de sous-v\u00eatements.<br><\/strong> <strong>Chaussons <\/strong>: Indispensable pour utiliser dans les douches des abris et pour reposer les pieds des longues promenades. <br><strong> Articles de toilette <br><\/strong> <strong>Bouteille d&#8217;eau<\/strong> : un sac de chameau ou une bouteille d&#8217;eau de 1 litre est recommand\u00e9. <br> <strong>Savonni\u00e8re \u00e0 laver<\/strong> : votre linge en fin de journ\u00e9e. <br> <strong>Vaseline <\/strong>: Appliquer une petite quantit\u00e9 de Vaseline sur vos pieds avant chaque jour aidera \u00e0 pr\u00e9venir l&#8217;apparition des ampoules toujours inconfortables.<br><strong> D\u00e9tergent \u00e0 lessive.<br><\/strong> <strong>Protection solaire<\/strong> : Essentiel.<br> <strong>Documentation <\/strong>: DNI, carte de sant\u00e9 (pour les p\u00e8lerins \u00e9trangers, la carte europ\u00e9enne de sant\u00e9) et banque. Il est \u00e9galement conseill\u00e9 de toujours avoir de l&#8217;argent liquide sur soi.<br> <strong>Imperm\u00e9able <\/strong>: Indispensable pour ne pas surprendre une pluie d&#8217;impr\u00e9vus.<br> <strong>T\u00e9l\u00e9phone portable et chargeur<\/strong> : Porter un t\u00e9l\u00e9phone portable peut \u00eatre un avantage ou un fardeau. Il y a des promeneurs qui se consacrent \u00e0 chercher l&#8217;\u00e9cran de leur t\u00e9l\u00e9phone au lieu des paysages qui les entourent. Cependant, marcher avec un t\u00e9l\u00e9phone portable peut \u00eatre d&#8217;une grande aide dans le cas o\u00f9 quelqu&#8217;un se retrouve immerg\u00e9 dans une situation d&#8217;urgence.<br> <strong>Titre de comp\u00e9tence<\/strong> : Le document qui accr\u00e9dite la personne en tant que p\u00e8lerin.<br><strong> Sac \u00e0 dos<\/strong> : Il est recommand\u00e9 de chercher un sac \u00e0 dos confortable pour nous. Si possible, il doit \u00eatre r\u00e9glable et ne doit pas bouger en marchant pour \u00e9viter les \u00e9gratignures. Nous ne d\u00e9passerons jamais 10 litres.<\/p>\n\n\n\n<h2 class=\"wp-block-heading\"> Bagages optionnels mais recommand\u00e9s<br><\/h2>\n\n\n\n<p><strong> Canne ou b\u00e2ton de trekking<\/strong> : De plus en plus de p\u00e8lerins marchent avec ce type d&#8217;aide. Ces derni\u00e8res ann\u00e9es, les b\u00e2tons de marche techniques ou b\u00e2tons de marche nordique ont remplac\u00e9 le personnel de toute une vie.<br> <strong>Chapeau <\/strong>: Il peut \u00eatre d&#8217;une grande aide pendant les mois d&#8217;\u00e9t\u00e9.<br> <strong>Bouchons d&#8217;oreilles<\/strong> : Pour pouvoir se reposer plus calmement<\/p>\n","protected":false},"excerpt":{"rendered":"<p>Nous savons que le poids et le choix du contenu de votre sac \u00e0 dos est essentiel avant m\u00eame que nous nous demandions comment faire le Chemin de Saint-Jacques, c&#8217;est pourquoi nous \u00e9num\u00e9rons tout ce dont vous avez besoin dans ce guide. Vous devez garder \u00e0 l&#8217;esprit que nous fournissons un service de transfert pour&#8230;<\/p>\n","protected":false},"author":3,"featured_media":0,"parent":0,"menu_order":0,"comment_status":"closed","ping_status":"closed","template":"","meta":{"_exactmetrics_skip_tracking":false,"_exactmetrics_sitenote_active":false,"_exactmetrics_sitenote_note":"","_exactmetrics_sitenote_category":0,"footnotes":""},"yoast_head":"<!-- This site is optimized with the Yoast SEO plugin v22.1 - https:\/\/yoast.com\/wordpress\/plugins\/seo\/ -->\n<title>Ce qu&#039;il faut transporter dans son sac \u00e0 dos - Le Chemin Aret\u00e9<\/title>\n<meta name=\"robots\" content=\"index, follow, max-snippet:-1, max-image-preview:large, max-video-preview:-1\" \/>\n<link rel=\"canonical\" href=\"https:\/\/elcaminoarete.com\/fr\/ce-quil-faut-transporter-dans-son-sac-a-dos\/\" \/>\n<meta property=\"og:locale\" content=\"fr_FR\" \/>\n<meta property=\"og:type\" content=\"article\" \/>\n<meta property=\"og:title\" content=\"Ce qu&#039;il faut transporter dans son sac \u00e0 dos - Le Chemin Aret\u00e9\" \/>\n<meta property=\"og:description\" content=\"Nous savons que le poids et le choix du contenu de votre sac \u00e0 dos est essentiel avant m\u00eame que nous nous demandions comment faire le Chemin de Saint-Jacques, c&#8217;est pourquoi nous \u00e9num\u00e9rons tout ce dont vous avez besoin dans ce guide. Vous devez garder \u00e0 l&#8217;esprit que nous fournissons un service de transfert pour...\" \/>\n<meta property=\"og:url\" content=\"https:\/\/elcaminoarete.com\/fr\/ce-quil-faut-transporter-dans-son-sac-a-dos\/\" \/>\n<meta property=\"og:site_name\" content=\"Le Chemin Aret\u00e9\" \/>\n<meta property=\"article:modified_time\" content=\"2019-03-16T17:24:35+00:00\" \/>\n<meta property=\"og:image\" content=\"https:\/\/elcaminoarete.com\/fr\/wp-content\/uploads\/sites\/2\/2019\/03\/DSCN3055_web.jpg\" \/>\n<meta name=\"twitter:card\" content=\"summary_large_image\" \/>\n<meta name=\"twitter:label1\" content=\"Dur\u00e9e de lecture estim\u00e9e\" \/>\n\t<meta name=\"twitter:data1\" content=\"3 minutes\" \/>\n<script type=\"application\/ld+json\" class=\"yoast-schema-graph\">{\"@context\":\"https:\/\/schema.org\",\"@graph\":[{\"@type\":\"WebPage\",\"@id\":\"https:\/\/elcaminoarete.com\/fr\/ce-quil-faut-transporter-dans-son-sac-a-dos\/\",\"url\":\"https:\/\/elcaminoarete.com\/fr\/ce-quil-faut-transporter-dans-son-sac-a-dos\/\",\"name\":\"Ce qu'il faut transporter dans son sac \u00e0 dos - Le Chemin Aret\u00e9\",\"isPartOf\":{\"@id\":\"https:\/\/elcaminoarete.com\/fr\/#website\"},\"datePublished\":\"2019-03-13T09:12:38+00:00\",\"dateModified\":\"2019-03-16T17:24:35+00:00\",\"breadcrumb\":{\"@id\":\"https:\/\/elcaminoarete.com\/fr\/ce-quil-faut-transporter-dans-son-sac-a-dos\/#breadcrumb\"},\"inLanguage\":\"fr-FR\",\"potentialAction\":[{\"@type\":\"ReadAction\",\"target\":[\"https:\/\/elcaminoarete.com\/fr\/ce-quil-faut-transporter-dans-son-sac-a-dos\/\"]}]},{\"@type\":\"BreadcrumbList\",\"@id\":\"https:\/\/elcaminoarete.com\/fr\/ce-quil-faut-transporter-dans-son-sac-a-dos\/#breadcrumb\",\"itemListElement\":[{\"@type\":\"ListItem\",\"position\":1,\"name\":\"Portada\",\"item\":\"https:\/\/elcaminoarete.com\/fr\/\"},{\"@type\":\"ListItem\",\"position\":2,\"name\":\"Ce qu&#8217;il faut transporter dans son sac \u00e0 dos\"}]},{\"@type\":\"WebSite\",\"@id\":\"https:\/\/elcaminoarete.com\/fr\/#website\",\"url\":\"https:\/\/elcaminoarete.com\/fr\/\",\"name\":\"Le Chemin Aret\u00e9\",\"description\":\"Coaching a Le Chemin\",\"potentialAction\":[{\"@type\":\"SearchAction\",\"target\":{\"@type\":\"EntryPoint\",\"urlTemplate\":\"https:\/\/elcaminoarete.com\/fr\/?s={search_term_string}\"},\"query-input\":\"required name=search_term_string\"}],\"inLanguage\":\"fr-FR\"}]}<\/script>\n<!-- \/ Yoast SEO plugin. -->","yoast_head_json":{"title":"Ce qu'il faut transporter dans son sac \u00e0 dos - Le Chemin Aret\u00e9","robots":{"index":"index","follow":"follow","max-snippet":"max-snippet:-1","max-image-preview":"max-image-preview:large","max-video-preview":"max-video-preview:-1"},"canonical":"https:\/\/elcaminoarete.com\/fr\/ce-quil-faut-transporter-dans-son-sac-a-dos\/","og_locale":"fr_FR","og_type":"article","og_title":"Ce qu'il faut transporter dans son sac \u00e0 dos - Le Chemin Aret\u00e9","og_description":"Nous savons que le poids et le choix du contenu de votre sac \u00e0 dos est essentiel avant m\u00eame que nous nous demandions comment faire le Chemin de Saint-Jacques, c&#8217;est pourquoi nous \u00e9num\u00e9rons tout ce dont vous avez besoin dans ce guide. Vous devez garder \u00e0 l&#8217;esprit que nous fournissons un service de transfert pour...","og_url":"https:\/\/elcaminoarete.com\/fr\/ce-quil-faut-transporter-dans-son-sac-a-dos\/","og_site_name":"Le Chemin Aret\u00e9","article_modified_time":"2019-03-16T17:24:35+00:00","og_image":[{"url":"https:\/\/elcaminoarete.com\/fr\/wp-content\/uploads\/sites\/2\/2019\/03\/DSCN3055_web.jpg"}],"twitter_card":"summary_large_image","twitter_misc":{"Dur\u00e9e de lecture estim\u00e9e":"3 minutes"},"schema":{"@context":"https:\/\/schema.org","@graph":[{"@type":"WebPage","@id":"https:\/\/elcaminoarete.com\/fr\/ce-quil-faut-transporter-dans-son-sac-a-dos\/","url":"https:\/\/elcaminoarete.com\/fr\/ce-quil-faut-transporter-dans-son-sac-a-dos\/","name":"Ce qu'il faut transporter dans son sac \u00e0 dos - Le Chemin Aret\u00e9","isPartOf":{"@id":"https:\/\/elcaminoarete.com\/fr\/#website"},"datePublished":"2019-03-13T09:12:38+00:00","dateModified":"2019-03-16T17:24:35+00:00","breadcrumb":{"@id":"https:\/\/elcaminoarete.com\/fr\/ce-quil-faut-transporter-dans-son-sac-a-dos\/#breadcrumb"},"inLanguage":"fr-FR","potentialAction":[{"@type":"ReadAction","target":["https:\/\/elcaminoarete.com\/fr\/ce-quil-faut-transporter-dans-son-sac-a-dos\/"]}]},{"@type":"BreadcrumbList","@id":"https:\/\/elcaminoarete.com\/fr\/ce-quil-faut-transporter-dans-son-sac-a-dos\/#breadcrumb","itemListElement":[{"@type":"ListItem","position":1,"name":"Portada","item":"https:\/\/elcaminoarete.com\/fr\/"},{"@type":"ListItem","position":2,"name":"Ce qu&#8217;il faut transporter dans son sac \u00e0 dos"}]},{"@type":"WebSite","@id":"https:\/\/elcaminoarete.com\/fr\/#website","url":"https:\/\/elcaminoarete.com\/fr\/","name":"Le Chemin Aret\u00e9","description":"Coaching a Le Chemin","potentialAction":[{"@type":"SearchAction","target":{"@type":"EntryPoint","urlTemplate":"https:\/\/elcaminoarete.com\/fr\/?s={search_term_string}"},"query-input":"required name=search_term_string"}],"inLanguage":"fr-FR"}]}},"_links":{"self":[{"href":"https:\/\/elcaminoarete.com\/fr\/wp-json\/wp\/v2\/pages\/1200"}],"collection":[{"href":"https:\/\/elcaminoarete.com\/fr\/wp-json\/wp\/v2\/pages"}],"about":[{"href":"https:\/\/elcaminoarete.com\/fr\/wp-json\/wp\/v2\/types\/page"}],"author":[{"embeddable":true,"href":"https:\/\/elcaminoarete.com\/fr\/wp-json\/wp\/v2\/users\/3"}],"replies":[{"embeddable":true,"href":"https:\/\/elcaminoarete.com\/fr\/wp-json\/wp\/v2\/comments?post=1200"}],"version-history":[{"count":4,"href":"https:\/\/elcaminoarete.com\/fr\/wp-json\/wp\/v2\/pages\/1200\/revisions"}],"predecessor-version":[{"id":1229,"href":"https:\/\/elcaminoarete.com\/fr\/wp-json\/wp\/v2\/pages\/1200\/revisions\/1229"}],"wp:attachment":[{"href":"https:\/\/elcaminoarete.com\/fr\/wp-json\/wp\/v2\/media?parent=1200"}],"curies":[{"name":"wp","href":"https:\/\/api.w.org\/{rel}","templated":true}]}}

Ce qu&#8217;il faut transporter dans son sac à dos

<figure class="wp-block-image"><img loading="lazy" decoding="async" width="1000" height="754" src="https://elcaminoarete.com/fr/wp-content/uploads/sites/2/2019/03/DSCN3055_web.jpg" alt="" class="wp-image-1205" srcset="https://elcaminoarete.com/fr/wp-content/uploads/sites/2/2019/03/DSCN3055_web.jpg 1000w, https://elcaminoarete.com/fr/wp-content/uploads/sites/2/2019/03/DSCN3055_web-300x226.jpg 300w, https://elcaminoarete.com/fr/wp-content/uploads/sites/2/2019/03/DSCN3055_web-500x377.jpg 500w" sizes="(max-width: 1000px) 100vw, 1000px" /><figcaption>Le sac à dos typique du pèlerin</figcaption></figure>



<p>Nous savons que le poids et le choix du contenu de votre sac à dos est essentiel avant même que nous nous demandions comment faire le Chemin de Saint-Jacques, c&#8217;est pourquoi nous énumérons tout ce dont vous avez besoin dans ce guide. Vous devez garder à l&#8217;esprit que nous fournissons un service de transfert pour votre sac à dos. Mais vous êtes toujours les bienvenus pour marcher avec si vous voulez.</p>



<p>Dans notre cas, les bagages iront dans le véhicule de soutien. Nous vous recommandons donc d&#8217;apporter une valise avec tous vos bagages et un petit sac à dos dans lequel vous pourrez transporter ce dont vous avez besoin pour marcher chaque jour.</p>



<h2 class="wp-block-heading"> Les bagages sur lesquels il faut compter<br></h2>



<p> <strong>Chaussures </strong>: C&#8217;est le point le plus délicat. Il est essentiel de porter des chaussures appropriées. Dans les magasins de sport vous pouvez trouver le trekking, le plus approprié pour la randonnée. Il doit être porté pendant quelques mois avant de commencer le voyage. Ceux qui portent des chaussures neuves ou qui font le Chemin avec des chaussures inappropriées peuvent finir par partir à cause de l&#8217;inconfort.</p>



<p><strong>Pantalon Hicking </strong>: Il est important de les porter. Pratique et confortable. Ils seront utilisés pour marcher tous les jours. C&#8217;est peut-être une bonne idée de porter un imperméable pour votre pantalon au cas où la pluie ferait son apparition.</p>



<p><strong>Les shorts</strong> : En été, vous pouvez les utiliser pour dormir, marcher pendant les journées les plus chaudes et même vous baigner dans les piscines ou les rivières qui abondent le long du Camino de Santiago.</p>



<p><strong>Sweat-shirt ou maillot</strong> : Confortable, léger. Il fournira un bon service les jours les plus froids, mais il ne faut pas oublier qu&#8217;il devra être transporté les jours les plus chauds.</p>



<p><strong>T-shirts</strong> : Il est recommandé qu&#8217;ils soient synthétiques/techniques car ils sont plus faciles à sécher, moins lourds et plus frais à marcher.</p>



<p><strong>Chaussettes sans couture</strong> : très important pour éviter tout type d&#8217;ampoules et d&#8217;inconfort en marchant.</p>



<p><strong>Trois ou quatre épingles à linge pour sécher les vêtements</strong> : elles peuvent être très utiles.<br><strong> Trois ensembles de sous-vêtements.<br></strong> <strong>Chaussons </strong>: Indispensable pour utiliser dans les douches des abris et pour reposer les pieds des longues promenades. <br><strong> Articles de toilette <br></strong> <strong>Bouteille d&#8217;eau</strong> : un sac de chameau ou une bouteille d&#8217;eau de 1 litre est recommandé. <br> <strong>Savonnière à laver</strong> : votre linge en fin de journée. <br> <strong>Vaseline </strong>: Appliquer une petite quantité de Vaseline sur vos pieds avant chaque jour aidera à prévenir l&#8217;apparition des ampoules toujours inconfortables.<br><strong> Détergent à lessive.<br></strong> <strong>Protection solaire</strong> : Essentiel.<br> <strong>Documentation </strong>: DNI, carte de santé (pour les pèlerins étrangers, la carte européenne de santé) et banque. Il est également conseillé de toujours avoir de l&#8217;argent liquide sur soi.<br> <strong>Imperméable </strong>: Indispensable pour ne pas surprendre une pluie d&#8217;imprévus.<br> <strong>Téléphone portable et chargeur</strong> : Porter un téléphone portable peut être un avantage ou un fardeau. Il y a des promeneurs qui se consacrent à chercher l&#8217;écran de leur téléphone au lieu des paysages qui les entourent. Cependant, marcher avec un téléphone portable peut être d&#8217;une grande aide dans le cas où quelqu&#8217;un se retrouve immergé dans une situation d&#8217;urgence.<br> <strong>Titre de compétence</strong> : Le document qui accrédite la personne en tant que pèlerin.<br><strong> Sac à dos</strong> : Il est recommandé de chercher un sac à dos confortable pour nous. Si possible, il doit être réglable et ne doit pas bouger en marchant pour éviter les égratignures. Nous ne dépasserons jamais 10 litres.</p>



<h2 class="wp-block-heading"> Bagages optionnels mais recommandés<br></h2>



<p><strong> Canne ou bâton de trekking</strong> : De plus en plus de pèlerins marchent avec ce type d&#8217;aide. Ces dernières années, les bâtons de marche techniques ou bâtons de marche nordique ont remplacé le personnel de toute une vie.<br> <strong>Chapeau </strong>: Il peut être d&#8217;une grande aide pendant les mois d&#8217;été.<br> <strong>Bouchons d&#8217;oreilles</strong> : Pour pouvoir se reposer plus calmement</p>

<p>Nous savons que le poids et le choix du contenu de votre sac à dos est essentiel avant même que nous nous demandions comment faire le Chemin de Saint-Jacques, c&#8217;est pourquoi nous énumérons tout ce dont vous avez besoin dans ce guide. Vous devez garder à l&#8217;esprit que nous fournissons un service de transfert pour&#8230;</p>

<!-- This site is optimized with the Yoast SEO plugin v22.1 - https://yoast.com/wordpress/plugins/seo/ -->
<title>Ce qu&#039;il faut transporter dans son sac à dos - Le Chemin Areté</title>
<meta name="robots" content="index, follow, max-snippet:-1, max-image-preview:large, max-video-preview:-1" />
<link rel="canonical" href="https://elcaminoarete.com/fr/ce-quil-faut-transporter-dans-son-sac-a-dos/" />
<meta property="og:locale" content="fr_FR" />
<meta property="og:type" content="article" />
<meta property="og:title" content="Ce qu&#039;il faut transporter dans son sac à dos - Le Chemin Areté" />
<meta property="og:description" content="Nous savons que le poids et le choix du contenu de votre sac à dos est essentiel avant même que nous nous demandions comment faire le Chemin de Saint-Jacques, c&#8217;est pourquoi nous énumérons tout ce dont vous avez besoin dans ce guide. Vous devez garder à l&#8217;esprit que nous fournissons un service de transfert pour..." />
<meta property="og:url" content="https://elcaminoarete.com/fr/ce-quil-faut-transporter-dans-son-sac-a-dos/" />
<meta property="og:site_name" content="Le Chemin Areté" />
<meta property="article:modified_time" content="2019-03-16T17:24:35+00:00" />
<meta property="og:image" content="https://elcaminoarete.com/fr/wp-content/uploads/sites/2/2019/03/DSCN3055_web.jpg" />
<meta name="twitter:card" content="summary_large_image" />
<meta name="twitter:label1" content="Durée de lecture estimée" />
	<meta name="twitter:data1" content="3 minutes" />
<script type="application/ld+json" class="yoast-schema-graph">{"@context":"https://schema.org","@graph":[{"@type":"WebPage","@id":"https://elcaminoarete.com/fr/ce-quil-faut-transporter-dans-son-sac-a-dos/","url":"https://elcaminoarete.com/fr/ce-quil-faut-transporter-dans-son-sac-a-dos/","name":"Ce qu'il faut transporter dans son sac à dos - Le Chemin Areté","isPartOf":{"@id":"https://elcaminoarete.com/fr/#website"},"datePublished":"2019-03-13T09:12:38+00:00","dateModified":"2019-03-16T17:24:35+00:00","breadcrumb":{"@id":"https://elcaminoarete.com/fr/ce-quil-faut-transporter-dans-son-sac-a-dos/#breadcrumb"},"inLanguage":"fr-FR","potentialAction":[{"@type":"ReadAction","target":["https://elcaminoarete.com/fr/ce-quil-faut-transporter-dans-son-sac-a-dos/"]}]},{"@type":"BreadcrumbList","@id":"https://elcaminoarete.com/fr/ce-quil-faut-transporter-dans-son-sac-a-dos/#breadcrumb","itemListElement":[{"@type":"ListItem","position":1,"name":"Portada","item":"https://elcaminoarete.com/fr/"},{"@type":"ListItem","position":2,"name":"Ce qu&#8217;il faut transporter dans son sac à dos"}]},{"@type":"WebSite","@id":"https://elcaminoarete.com/fr/#website","url":"https://elcaminoarete.com/fr/","name":"Le Chemin Areté","description":"Coaching a Le Chemin","potentialAction":[{"@type":"SearchAction","target":{"@type":"EntryPoint","urlTemplate":"https://elcaminoarete.com/fr/?s={search_term_string}"},"query-input":"required name=search_term_string"}],"inLanguage":"fr-FR"}]}</script>
<!-- / Yoast SEO plugin. -->

Ce qu'il faut transporter dans son sac à dos - Le Chemin Areté

Nous savons que le poids et le choix du contenu de votre sac à dos est essentiel avant même que nous nous demandions comment faire le Chemin de Saint-Jacques, c&#8217;est pourquoi nous énumérons tout ce dont vous avez besoin dans ce guide. Vous devez garder à l&#8217;esprit que nous fournissons un service de transfert pour...

Le Chemin Areté
